{"id":25,"date":"2021-03-18T10:30:05","date_gmt":"2021-03-18T10:30:05","guid":{"rendered":"https:\/\/angelverein-krechting.de\/?page_id=25"},"modified":"2023-04-18T16:20:57","modified_gmt":"2023-04-18T16:20:57","slug":"kontakt","status":"publish","type":"page","link":"https:\/\/angelverein-krechting.de\/?page_id=25","title":{"rendered":"Kontakte"},"content":{"rendered":"\n<div class=\"is-layout-flex wp-container-2 wp-block-columns\">\n<div class=\"is-layout-flow wp-block-column\" style=\"flex-basis:100%\">\n<h3><span style=\"text-decoration: underline;\">1. Vorsitzender<\/span>: <\/h3>\n\n\n\n<p style=\"line-height:1\">Thomas Heynk<\/p>\n\n\n\n<p style=\"line-height:1\">Am Wall 8<\/p>\n\n\n\n<p style=\"line-height:1\">46414 Rhede-Krechting<\/p>\n\n\n\n<p style=\"line-height:1\">Mobil: 0162 2461101<\/p>\n\n\n\n<p style=\"line-height:1\">E-Mail: info(at)angelverein-krechting.de<\/p>\n\n\n\n<p><\/p>\n\n\n\n<h3><span style=\"text-decoration: underline;\">Gesch\u00e4ftsf\u00fchrer<\/span>: <\/h3>\n\n\n\n<p style=\"line-height:1\">Maik Schl\u00fc\u00df<\/p>\n\n\n\n<p style=\"line-height:1\">Heideweg 20b<\/p>\n\n\n\n<p style=\"line-height:1\">46414 Rhede<\/p>\n\n\n\n<p style=\"line-height:1\">Mobil: 0176 82206211<\/p>\n\n\n\n<p style=\"line-height:1\">E-Mail: info(at)angelverein-krechting.de<\/p>\n\n\n\n<p><\/p>\n\n\n\n<h3><span style=\"text-decoration: underline;\">Webmaster<\/span>: <\/h3>\n\n\n\n<p style=\"line-height:1\">Maik Schl\u00fc\u00df, Ralf Schumacher<\/p>\n\n\n\n<p style=\"line-height:1\">E-Mail: webmaster(at)angelverein-krechting.de und <\/p>\n\n\n\n<p style=\"line-height:1\">ralf.schumacher(at)edv-consulting-schumacher.de<\/p>\n<\/div>\n<\/div>\n\n\n\n<h2><strong>Gastkarten<\/strong><\/h2>\n\n\n\n<p style=\"line-height:1\">Gastkarten f\u00fcr die Bocholter Aa auf dem Rheder Stadtgebiet sind im<\/p>\n\n\n\n<p style=\"line-height:1\">   B\u00fcrgerb\u00fcro der Stadt Rhede<\/p>\n\n\n\n<p style=\"line-height:1\">   Rathausplatz 9<\/p>\n\n\n\n<p style=\"line-height:1\">   46414 Rhede<\/p>\n\n\n\n<p style=\"line-height:1\">   Tel.: 02872 \/ 930 100<\/p>\n\n\n\n<p style=\"line-height:1\">erh\u00e4ltlich.<\/p>\n\n\n\n<p>Tageskarte 8,- \u20ac \/ Wochenkarte 20,- \u20ac \/ Monatskarte 35,- \u20ac \/ keine Jahreskarten<\/p>\n\n\n\n<p>Auch \u00fcber Hejfish sind unsere Gastkarten erh\u00e4ltlich:<\/p>\n\n\n\n<figure class=\"wp-block-image\"><img decoding=\"async\" loading=\"lazy\" width=\"358\" height=\"269\" src=\"https:\/\/angelverein-krechting.de\/wp-content\/uploads\/2022\/07\/01_hejfish_kauficon_online_20.png\" alt=\"\" class=\"wp-image-341\" srcset=\"https:\/\/angelverein-krechting.de\/wp-content\/uploads\/2022\/07\/01_hejfish_kauficon_online_20.png 358w, https:\/\/angelverein-krechting.de\/wp-content\/uploads\/2022\/07\/01_hejfish_kauficon_online_20-300x225.png 300w\" sizes=\"(max-width: 358px) 100vw, 358px\" \/><figcaption class=\"wp-element-caption\"><strong>\u00dcber folgenden Link gelangt ihr zu Hejfish:<\/strong><a rel=\"noreferrer noopener\" href=\"https:\/\/deref-web.de\/mail\/client\/PrieGATKPe8\/dereferrer\/?redirectUrl=https%3A%2F%2Fwww.hejfish.com%2Fd%2F14927\" target=\"_blank\">https:\/\/www.hejfish.com\/d\/14927<\/a><\/figcaption><\/figure>\n\n\n\n<h2><strong>Social Media<\/strong><\/h2>\n\n\n\n<p>Facebook: <a href=\"https:\/\/www.facebook.com\/profile.php?id=100064850045769\">https:\/\/www.facebook.com\/profile.php?id=100064850045769<\/a><\/p>\n\n\n\n<p>Instagram: https:\/\/www.instagram.com\/asv_krechting\/<\/p>\n\n\n\n<p><\/p>\n\n\n\n<p class=\"has-text-align-left\"><\/p>\n","protected":false},"excerpt":{"rendered":"<p>1. Vorsitzender: Thomas Heynk Am Wall 8 46414 Rhede-Krechting Mobil: 0162 2461101 E-Mail: info(at)angelverein-krechting.de Gesch\u00e4ftsf\u00fchrer: Maik Schl\u00fc\u00df Heideweg 20b 46414 Rhede Mobil: 0176 82206211 E-Mail: info(at)angelverein-krechting.de Webmaster: Maik Schl\u00fc\u00df, Ralf &hellip; <\/p>\n<p class=\"link-more\"><a href=\"https:\/\/angelverein-krechting.de\/?page_id=25\" class=\"more-link\"><span class=\"screen-reader-text\">\u201eKontakte\u201c <\/span>weiterlesen<\/a><\/p>\n","protected":false},"author":1,"featured_media":51,"parent":0,"menu_order":0,"comment_status":"closed","ping_status":"closed","template":"","meta":{"_EventAllDay":false,"_EventTimezone":"","_EventStartDate":"","_EventEndDate":"","_EventStartDateUTC":"","_EventEndDateUTC":"","_EventShowMap":false,"_EventShowMapLink":false,"_EventURL":"","_EventCost":"","_EventCostDescription":"","_EventCurrencySymbol":"","_EventCurrencyCode":"","_EventCurrencyPosition":"","_EventDateTimeSeparator":"","_EventTimeRangeSeparator":"","_EventOrganizerID":[],"_EventVenueID":[],"_OrganizerEmail":"","_OrganizerPhone":"","_OrganizerWebsite":"","_VenueAddress":"","_VenueCity":"","_VenueCountry":"","_VenueProvince":"","_VenueState":"","_VenueZip":"","_VenuePhone":"","_VenueURL":"","_VenueStateProvince":"","_VenueLat":"","_VenueLng":"","_VenueShowMap":false,"_VenueShowMapLink":false},"_links":{"self":[{"href":"https:\/\/angelverein-krechting.de\/index.php?rest_route=\/wp\/v2\/pages\/25"}],"collection":[{"href":"https:\/\/angelverein-krechting.de\/index.php?rest_route=\/wp\/v2\/pages"}],"about":[{"href":"https:\/\/angelverein-krechting.de\/index.php?rest_route=\/wp\/v2\/types\/page"}],"author":[{"embeddable":true,"href":"https:\/\/angelverein-krechting.de\/index.php?rest_route=\/wp\/v2\/users\/1"}],"replies":[{"embeddable":true,"href":"https:\/\/angelverein-krechting.de\/index.php?rest_route=%2Fwp%2Fv2%2Fcomments&post=25"}],"version-history":[{"count":7,"href":"https:\/\/angelverein-krechting.de\/index.php?rest_route=\/wp\/v2\/pages\/25\/revisions"}],"predecessor-version":[{"id":381,"href":"https:\/\/angelverein-krechting.de\/index.php?rest_route=\/wp\/v2\/pages\/25\/revisions\/381"}],"wp:featuredmedia":[{"embeddable":true,"href":"https:\/\/angelverein-krechting.de\/index.php?rest_route=\/wp\/v2\/media\/51"}],"wp:attachment":[{"href":"https:\/\/angelverein-krechting.de\/index.php?rest_route=%2Fwp%2Fv2%2Fmedia&parent=25"}],"curies":[{"name":"wp","href":"https:\/\/api.w.org\/{rel}","templated":true}]}}