{"id":24,"date":"2021-03-18T10:30:05","date_gmt":"2021-03-18T10:30:05","guid":{"rendered":"https:\/\/angelverein-krechting.de\/?page_id=24"},"modified":"2021-03-18T10:41:36","modified_gmt":"2021-03-18T10:41:36","slug":"ueber-uns","status":"publish","type":"page","link":"https:\/\/angelverein-krechting.de\/?page_id=24","title":{"rendered":"Unser Verein stellt sich vor"},"content":{"rendered":"\n<ul><li>Gr\u00fcndungsversammlung am 29.12.1983<\/li><li>Eintragung in das Vereinsregister als gemeinn\u00fctziger Verein am 02.03.1984 beim Amtsgericht Coesfeld unter der Nummer 2476<\/li><li>Vorsitzende:<ul><li>1983 \u2013 1991 Heinrich Uebbing<\/li><li>1992 \u2013 2007 Wilhelm Niestegge<\/li><li>2008 \u2013 2013 Heinrich Wiltink<\/li><li>2014 \u2013 03.07.2020 J\u00fcrgen Theling (\u2020)<\/li><li>seit 2021 Thomas Heynk<\/li><\/ul><\/li><\/ul>\n\n\n\n<h2><strong>Aufgaben und Zielsetzung des Vereins<\/strong><\/h2>\n\n\n\n<ul><li>Hege und Pflege des Fischbestandes in den Vereinsgew\u00e4ssern unter Ber\u00fccksichtigung des Artenschutzprogramms<\/li><li>Erhaltung der Sch\u00f6nheit und Urspr\u00fcnglichkeit der Gew\u00e4sser im Sinne des Naturschutzes<\/li><li>Ausbildung der Mitglieder zur Erlangung der Fischerpr\u00fcfung<\/li><\/ul>\n\n\n\n<h2><strong>Vereinsgew\u00e4sser<\/strong><\/h2>\n\n\n\n<ul><li>Vereinsanlage mit 17.600 m<sup>2<\/sup> Fl\u00e4che in Rhede-Krommert, Steenofenkamp zun\u00e4chst ab 01.01.1988 als Pachtgew\u00e4sser, seit dem 05.06.2000 als Eigentum des Vereins<\/li><li>Bocholter Aa im Gebiet der Stadt Rhede als gemeinsames Pachtgew\u00e4sser mit dem <a href=\"https:\/\/www.ranv.de\/\" target=\"_blank\" rel=\"noreferrer noopener\">Rheder Angel- und Naturschutzverein 1968 e. V.<\/a><\/li><\/ul>\n\n\n\n<h2><strong>Zusammenarbeit und Kontaktpflege mit anderen Institutionen<\/strong><\/h2>\n\n\n\n<ul><li>Euregio-Vereinigung mit den Angelvereinen aus Bocholt, Rhede, Vreden, Aalten (NL) und Lichtenvoorde (NL)<\/li><li>Jugendkooperation mit den Angelvereinen aus Bocholt, Rhede, Vreden und Alst\u00e4tte<\/li><li>Stadtsportverband Rhede<\/li><li>Arbeitskreis Natur &amp; Umwelt Rhede<\/li><li>Vereinigung FFW-Aa-Euregio (Arbeitskreis Freie Fahrt dem Wanderfisch) mit der Zielsetzung, die Durchl\u00e4ssigkeit f\u00fcr Wanderfische an den Stauwehren der Aa durch den Einbau von Fischtreppen zu gew\u00e4hrleisten. Der Arbeitskreis besteht entlang des Flussverlaufes (vom Zusammenfluss von Thesingbach, Vennbach und des Schwarzen Bachs in Velen bis zur M\u00fcndung in die Oude IJssel in den Niederlanden) aus sieben dt. Angelvereinen und zwei ndl. Institutionen.<\/li><\/ul>\n\n\n\n<h2><strong>Fischbesatz<\/strong><\/h2>\n\n\n\n<p>Zur Erhaltung der Artenvielfalt und der einheimischen Fischarten werden bei Bedarf in den vorgenannten Gew\u00e4ssern Fische eingesetzt.<\/p>\n\n\n\n<h2><strong>Fischerpr\u00fcfung<\/strong><\/h2>\n\n\n\n<p>J\u00e4hrlich finden im Herbst Vorbereitungskurse zur Erlangung der Fischerpr\u00fcfung statt. Die Pr\u00fcflinge werden in den F\u00e4chern<\/p>\n\n\n\n<ul><li>allgemeine Fischkunde<\/li><li>spezielle Fischkunde, Gew\u00e4sserkunde und Fischhege<\/li><li>Natur- und Tierschutz<\/li><li>Gesetzeskunde und<\/li><li>dem praktischen Teil mit Ger\u00e4tekunde und Fischkennung<\/li><\/ul>\n\n\n\n<p>ausgebildet.<\/p>\n","protected":false},"excerpt":{"rendered":"<p>Gr\u00fcndungsversammlung am 29.12.1983 Eintragung in das Vereinsregister als gemeinn\u00fctziger Verein am 02.03.1984 beim Amtsgericht Coesfeld unter der Nummer 2476 Vorsitzende: 1983 \u2013 1991 Heinrich Uebbing 1992 \u2013 2007 Wilhelm Niestegge &hellip; <\/p>\n<p class=\"link-more\"><a href=\"https:\/\/angelverein-krechting.de\/?page_id=24\" class=\"more-link\"><span class=\"screen-reader-text\">\u201eUnser Verein stellt sich vor\u201c <\/span>weiterlesen<\/a><\/p>\n","protected":false},"author":1,"featured_media":49,"parent":0,"menu_order":0,"comment_status":"closed","ping_status":"closed","template":"","meta":{"_EventAllDay":false,"_EventTimezone":"","_EventStartDate":"","_EventEndDate":"","_EventStartDateUTC":"","_EventEndDateUTC":"","_EventShowMap":false,"_EventShowMapLink":false,"_EventURL":"","_EventCost":"","_EventCostDescription":"","_EventCurrencySymbol":"","_EventCurrencyCode":"","_EventCurrencyPosition":"","_EventDateTimeSeparator":"","_EventTimeRangeSeparator":"","_EventOrganizerID":[],"_EventVenueID":[],"_OrganizerEmail":"","_OrganizerPhone":"","_OrganizerWebsite":"","_VenueAddress":"","_VenueCity":"","_VenueCountry":"","_VenueProvince":"","_VenueState":"","_VenueZip":"","_VenuePhone":"","_VenueURL":"","_VenueStateProvince":"","_VenueLat":"","_VenueLng":"","_VenueShowMap":false,"_VenueShowMapLink":false},"_links":{"self":[{"href":"https:\/\/angelverein-krechting.de\/index.php?rest_route=\/wp\/v2\/pages\/24"}],"collection":[{"href":"https:\/\/angelverein-krechting.de\/index.php?rest_route=\/wp\/v2\/pages"}],"about":[{"href":"https:\/\/angelverein-krechting.de\/index.php?rest_route=\/wp\/v2\/types\/page"}],"author":[{"embeddable":true,"href":"https:\/\/angelverein-krechting.de\/index.php?rest_route=\/wp\/v2\/users\/1"}],"replies":[{"embeddable":true,"href":"https:\/\/angelverein-krechting.de\/index.php?rest_route=%2Fwp%2Fv2%2Fcomments&post=24"}],"version-history":[{"count":2,"href":"https:\/\/angelverein-krechting.de\/index.php?rest_route=\/wp\/v2\/pages\/24\/revisions"}],"predecessor-version":[{"id":50,"href":"https:\/\/angelverein-krechting.de\/index.php?rest_route=\/wp\/v2\/pages\/24\/revisions\/50"}],"wp:featuredmedia":[{"embeddable":true,"href":"https:\/\/angelverein-krechting.de\/index.php?rest_route=\/wp\/v2\/media\/49"}],"wp:attachment":[{"href":"https:\/\/angelverein-krechting.de\/index.php?rest_route=%2Fwp%2Fv2%2Fmedia&parent=24"}],"curies":[{"name":"wp","href":"https:\/\/api.w.org\/{rel}","templated":true}]}}