{"id":2,"date":"2021-03-18T11:06:47","date_gmt":"2021-03-18T11:06:47","guid":{"rendered":"https:\/\/angelverein-krechting.de\/?page_id=2"},"modified":"2024-04-02T16:04:18","modified_gmt":"2024-04-02T16:04:18","slug":"sample-page","status":"publish","type":"page","link":"https:\/\/angelverein-krechting.de\/?page_id=2","title":{"rendered":"Unser Vorstand"},"content":{"rendered":"\n<figure class=\"wp-block-table is-style-stripes\"><table class=\"has-fixed-layout\"><tbody><tr><td><strong>1. Vorsitzende(r\/*)<\/strong><\/td><td><strong>2. Vorsitzende(r\/*)<\/strong><\/td><\/tr><tr><td><span style=\"color:#002bff\" class=\"tadv-color\">Thomas Heynk<\/span><\/td><td><span class=\"tadv-color\" style=\"color:#002bff\">Stephanie Steverding-Werner<\/span><\/td><\/tr><\/tbody><\/table><\/figure>\n\n\n\n<figure class=\"wp-block-table is-style-stripes\"><table class=\"has-fixed-layout\"><tbody><tr><td><strong>Gesch\u00e4ftsf\u00fchrende(r\/*)<\/strong><\/td><td><strong>Kassierer(in\/*)<\/strong><\/td><\/tr><tr><td><span style=\"color:#002bff\" class=\"tadv-color\">Maik Schl\u00fc\u00df<\/span><\/td><td><span style=\"color:#002bff\" class=\"tadv-color\">Niklas Heynk<\/span><\/td><\/tr><\/tbody><\/table><\/figure>\n\n\n\n<figure class=\"wp-block-table is-style-stripes\"><table class=\"has-fixed-layout\"><tbody><tr><td><strong>1. Gew\u00e4sserwart(in\/*)<\/strong><\/td><td><strong>2. Gew\u00e4sserwart(in\/*)<\/strong><\/td><\/tr><tr><td><span style=\"color:#002bff\" class=\"tadv-color\">Reiner Degeling<\/span><\/td><td><span style=\"color:#002bff\" class=\"tadv-color\">Jens Becker<\/span><\/td><\/tr><\/tbody><\/table><\/figure>\n\n\n\n<figure class=\"wp-block-table is-style-stripes\"><table class=\"has-black-color has-text-color has-fixed-layout\"><tbody><tr><td><strong><span style=\"color:#000000\" class=\"tadv-color\">1. Sportwart(in\/*)<\/span><\/strong><\/td><td><strong>2. Sportwart(in\/*)<\/strong><\/td><\/tr><tr><td><span style=\"color:#002bff\" class=\"tadv-color\">Raphael Rademacher<\/span><\/td><td><span style=\"color:#002bff\" class=\"tadv-color\">Michael Niestegge<\/span><\/td><\/tr><\/tbody><\/table><\/figure>\n\n\n\n<figure class=\"wp-block-table is-style-stripes\"><table class=\"has-fixed-layout\"><tbody><tr><td><strong>1. Platzwart(in\/*)<\/strong><\/td><td><strong>2. Platzwart(in\/*)<\/strong><\/td><\/tr><tr><td>Sven Fering<\/td><td>Stefan K\u00fcrten<\/td><\/tr><\/tbody><\/table><\/figure>\n\n\n\n<figure class=\"wp-block-table is-style-stripes\"><table class=\"has-fixed-layout\"><tbody><tr><td><strong>3. Platzwart(in\/*)<\/strong><\/td><td><strong>4. Platzwart(in\/*)<\/strong><\/td><\/tr><tr><td><span style=\"color:#002bff\" class=\"tadv-color\">Hans Steverding<\/span><\/td><td><span style=\"color:#002bff\" class=\"tadv-color\">Andreas Ro\u00df<\/span><\/td><\/tr><\/tbody><\/table><\/figure>\n\n\n\n<figure class=\"wp-block-table is-style-stripes\"><table class=\"has-text-color has-fixed-layout\" style=\"color:#002bff\"><tbody><tr><td><strong><span style=\"color:#000000\" class=\"tadv-color\">1. Vergn\u00fcgungsausschuss<\/span><\/strong><\/td><td><strong><span style=\"color:#000000\" class=\"tadv-color\">2. <strong>Vergn\u00fcgungsausschuss<\/strong><\/span><\/strong><\/td><\/tr><tr><td>Michael Kapell<\/td><td>Matthias Hertog<\/td><\/tr><\/tbody><\/table><\/figure>\n\n\n\n<figure class=\"wp-block-table is-style-stripes\"><table class=\"has-black-color has-text-color has-fixed-layout\"><tbody><tr><td><strong>3. Vergn\u00fcgungsausschuss<\/strong><\/td><td><strong>1. <span>Kassenpr\u00fcfer(in\/*)<\/span><\/strong><\/td><\/tr><tr><td>&#8212;&#8211;<\/td><td><span style=\"color:#002bff\" class=\"tadv-color\">J\u00fcrgen Van der Linde<\/span><\/td><\/tr><\/tbody><\/table><\/figure>\n\n\n\n<figure class=\"wp-block-table is-style-stripes\"><table class=\"has-black-color has-text-color has-fixed-layout\"><tbody><tr><td><strong>2. <span>Kassenpr\u00fcfer(in<b>\/*)<\/b><\/span><\/strong><\/td><td><\/td><\/tr><tr><td>Christian Boruschewski<\/td><td><span style=\"color:#002bff\" class=\"tadv-color\"><\/span><\/td><\/tr><\/tbody><\/table><\/figure>\n\n\n\n<p><\/p>\n","protected":false},"excerpt":{"rendered":"<p>1. Vorsitzende(r\/*) 2. Vorsitzende(r\/*) Thomas Heynk Stephanie Steverding-Werner Gesch\u00e4ftsf\u00fchrende(r\/*) Kassierer(in\/*) Maik Schl\u00fc\u00df Niklas Heynk 1. Gew\u00e4sserwart(in\/*) 2. Gew\u00e4sserwart(in\/*) Reiner Degeling Jens Becker 1. Sportwart(in\/*) 2. Sportwart(in\/*) Raphael Rademacher Michael Niestegge &hellip; <\/p>\n<p class=\"link-more\"><a href=\"https:\/\/angelverein-krechting.de\/?page_id=2\" class=\"more-link\"><span class=\"screen-reader-text\">\u201eUnser Vorstand\u201c <\/span>weiterlesen<\/a><\/p>\n","protected":false},"author":1,"featured_media":0,"parent":0,"menu_order":0,"comment_status":"closed","ping_status":"open","template":"","meta":{"_EventAllDay":false,"_EventTimezone":"","_EventStartDate":"","_EventEndDate":"","_EventStartDateUTC":"","_EventEndDateUTC":"","_EventShowMap":false,"_EventShowMapLink":false,"_EventURL":"","_EventCost":"","_EventCostDescription":"","_EventCurrencySymbol":"","_EventCurrencyCode":"","_EventCurrencyPosition":"","_EventDateTimeSeparator":"","_EventTimeRangeSeparator":"","_EventOrganizerID":[],"_EventVenueID":[],"_OrganizerEmail":"","_OrganizerPhone":"","_OrganizerWebsite":"","_VenueAddress":"","_VenueCity":"","_VenueCountry":"","_VenueProvince":"","_VenueState":"","_VenueZip":"","_VenuePhone":"","_VenueURL":"","_VenueStateProvince":"","_VenueLat":"","_VenueLng":"","_VenueShowMap":false,"_VenueShowMapLink":false},"_links":{"self":[{"href":"https:\/\/angelverein-krechting.de\/index.php?rest_route=\/wp\/v2\/pages\/2"}],"collection":[{"href":"https:\/\/angelverein-krechting.de\/index.php?rest_route=\/wp\/v2\/pages"}],"about":[{"href":"https:\/\/angelverein-krechting.de\/index.php?rest_route=\/wp\/v2\/types\/page"}],"author":[{"embeddable":true,"href":"https:\/\/angelverein-krechting.de\/index.php?rest_route=\/wp\/v2\/users\/1"}],"replies":[{"embeddable":true,"href":"https:\/\/angelverein-krechting.de\/index.php?rest_route=%2Fwp%2Fv2%2Fcomments&post=2"}],"version-history":[{"count":8,"href":"https:\/\/angelverein-krechting.de\/index.php?rest_route=\/wp\/v2\/pages\/2\/revisions"}],"predecessor-version":[{"id":392,"href":"https:\/\/angelverein-krechting.de\/index.php?rest_route=\/wp\/v2\/pages\/2\/revisions\/392"}],"wp:attachment":[{"href":"https:\/\/angelverein-krechting.de\/index.php?rest_route=%2Fwp%2Fv2%2Fmedia&parent=2"}],"curies":[{"name":"wp","href":"https:\/\/api.w.org\/{rel}","templated":true}]}}